[INFO] fetching crate lidar-utils 0.6.2...
[INFO] checking lidar-utils-0.6.2 against master#cfbc6d4cf1acbac5c025acf8ed68929caa551df3 for pr-75494-beta
[INFO] extracting crate lidar-utils 0.6.2 into /workspace/builds/worker-1/source
[INFO] validating manifest of crates.io crate lidar-utils 0.6.2 on toolchain cfbc6d4cf1acbac5c025acf8ed68929caa551df3
[INFO] running `Command { std: "/workspace/cargo-home/bin/cargo" "+cfbc6d4cf1acbac5c025acf8ed68929caa551df3" "read-manifest" "--manifest-path" "Cargo.toml", kill_on_drop: false }`
[INFO] started tweaking crates.io crate lidar-utils 0.6.2
[INFO] finished tweaking crates.io crate lidar-utils 0.6.2
[INFO] tweaked toml for crates.io crate lidar-utils 0.6.2 written to /workspace/builds/worker-1/source/Cargo.toml
[INFO] running `Command { std: "/workspace/cargo-home/bin/cargo" "+cfbc6d4cf1acbac5c025acf8ed68929caa551df3" "generate-lockfile" "--manifest-path" "Cargo.toml" "-Zno-index-update", kill_on_drop: false }`
[INFO] running `Command { std: "/workspace/cargo-home/bin/cargo" "+cfbc6d4cf1acbac5c025acf8ed68929caa551df3" "fetch" "--locked" "--manifest-path" "Cargo.toml", kill_on_drop: false }`
[INFO] [stderr]  Downloading crates ...
[INFO] [stderr]   Downloaded pcap v0.7.0
[INFO] [stderr]   Downloaded uom v0.29.0
[INFO] running `Command { std: "docker" "create" "-v" "/var/lib/crater-agent-workspace/builds/worker-1/target:/opt/rustwide/target:rw,Z" "-v" "/var/lib/crater-agent-workspace/builds/worker-1/source:/opt/rustwide/workdir:ro,Z" "-v" "/var/lib/crater-agent-workspace/cargo-home:/opt/rustwide/cargo-home:ro,Z" "-v" "/var/lib/crater-agent-workspace/rustup-home:/opt/rustwide/rustup-home:ro,Z" "-e" "SOURCE_DIR=/opt/rustwide/workdir" "-e" "CARGO_TARGET_DIR=/opt/rustwide/target" "-e" "CARGO_HOME=/opt/rustwide/cargo-home" "-e" "RUSTUP_HOME=/opt/rustwide/rustup-home" "-w" "/opt/rustwide/workdir" "-m" "1610612736" "--user" "0:0" "--network" "none" "rustops/crates-build-env@sha256:a636fd89d022f18117e1dc8fb37a0a009933cdbbe082814857f0e2024962d47c" "/opt/rustwide/cargo-home/bin/cargo" "+cfbc6d4cf1acbac5c025acf8ed68929caa551df3" "metadata" "--no-deps" "--format-version=1", kill_on_drop: false }`
[INFO] [stdout] 5427015dd3db1bd2d4462d766ba1de7592a8f0f5a7bb1f3495e717e02ed8a9b8
[INFO] [stderr] WARNING: Your kernel does not support swap limit capabilities or the cgroup is not mounted. Memory limited without swap.
[INFO] running `Command { std: "docker" "start" "-a" "5427015dd3db1bd2d4462d766ba1de7592a8f0f5a7bb1f3495e717e02ed8a9b8", kill_on_drop: false }`
[INFO] running `Command { std: "docker" "inspect" "5427015dd3db1bd2d4462d766ba1de7592a8f0f5a7bb1f3495e717e02ed8a9b8", kill_on_drop: false }`
[INFO] running `Command { std: "docker" "rm" "-f" "5427015dd3db1bd2d4462d766ba1de7592a8f0f5a7bb1f3495e717e02ed8a9b8", kill_on_drop: false }`
[INFO] [stdout] 5427015dd3db1bd2d4462d766ba1de7592a8f0f5a7bb1f3495e717e02ed8a9b8
[INFO] running `Command { std: "docker" "create" "-v" "/var/lib/crater-agent-workspace/builds/worker-1/target:/opt/rustwide/target:rw,Z" "-v" "/var/lib/crater-agent-workspace/builds/worker-1/source:/opt/rustwide/workdir:ro,Z" "-v" "/var/lib/crater-agent-workspace/cargo-home:/opt/rustwide/cargo-home:ro,Z" "-v" "/var/lib/crater-agent-workspace/rustup-home:/opt/rustwide/rustup-home:ro,Z" "-e" "SOURCE_DIR=/opt/rustwide/workdir" "-e" "CARGO_TARGET_DIR=/opt/rustwide/target" "-e" "CARGO_INCREMENTAL=0" "-e" "RUST_BACKTRACE=full" "-e" "RUSTFLAGS=--cap-lints=forbid" "-e" "CARGO_HOME=/opt/rustwide/cargo-home" "-e" "RUSTUP_HOME=/opt/rustwide/rustup-home" "-w" "/opt/rustwide/workdir" "-m" "1610612736" "--user" "0:0" "--network" "none" "rustops/crates-build-env@sha256:a636fd89d022f18117e1dc8fb37a0a009933cdbbe082814857f0e2024962d47c" "/opt/rustwide/cargo-home/bin/cargo" "+cfbc6d4cf1acbac5c025acf8ed68929caa551df3" "check" "--frozen" "--all" "--all-targets" "--message-format=json", kill_on_drop: false }`
[INFO] [stdout] f536d48e3e8b24aebdc4cacddedd0b0653f5213fefb5c0f6bc3f21b9e224d885
[INFO] [stderr] WARNING: Your kernel does not support swap limit capabilities or the cgroup is not mounted. Memory limited without swap.
[INFO] running `Command { std: "docker" "start" "-a" "f536d48e3e8b24aebdc4cacddedd0b0653f5213fefb5c0f6bc3f21b9e224d885", kill_on_drop: false }`
[INFO] [stderr]    Compiling proc-macro2 v1.0.19
[INFO] [stderr]    Compiling unicode-xid v0.2.1
[INFO] [stderr]    Compiling syn v1.0.39
[INFO] [stderr]    Compiling autocfg v1.0.1
[INFO] [stderr]    Compiling serde_derive v1.0.115
[INFO] [stderr]    Compiling serde v1.0.115
[INFO] [stderr]    Compiling proc-macro2 v0.4.30
[INFO] [stderr]    Compiling libc v0.2.76
[INFO] [stderr]    Compiling unicode-xid v0.1.0
[INFO] [stderr]    Compiling ryu v1.0.5
[INFO] [stderr]    Compiling typenum v1.12.0
[INFO] [stderr]    Compiling syn v0.15.44
[INFO] [stderr]     Checking linked-hash-map v0.5.3
[INFO] [stderr]    Compiling anyhow v1.0.32
[INFO] [stderr]    Compiling serde_json v1.0.57
[INFO] [stderr]     Checking itoa v0.4.6
[INFO] [stderr]     Checking dtoa v0.4.6
[INFO] [stderr]    Compiling pcap v0.7.0
[INFO] [stderr]    Compiling log v0.4.11
[INFO] [stderr]     Checking cfg-if v0.1.10
[INFO] [stderr]     Checking itertools v0.8.2
[INFO] [stderr]     Checking yaml-rust v0.4.4
[INFO] [stderr]    Compiling num-traits v0.2.12
[INFO] [stderr]    Compiling num-integer v0.1.43
[INFO] [stderr]    Compiling quote v0.6.13
[INFO] [stderr]    Compiling quote v1.0.7
[INFO] [stderr]     Checking time v0.1.43
[INFO] [stderr]     Checking uom v0.29.0
[INFO] [stderr]     Checking chrono v0.4.15
[INFO] [stderr]    Compiling derivative v1.0.4
[INFO] [stderr]     Checking serde-big-array v0.2.0
[INFO] [stderr]     Checking serde_yaml v0.8.13
[INFO] [stderr]     Checking toml v0.5.6
[INFO] [stderr]     Checking lidar-utils v0.6.2 (/opt/rustwide/workdir)
[INFO] [stdout] error[E0369]: binary operation `==` cannot be applied to type `[f64; 64]`
[INFO] [stdout]   --> src/ouster/client.rs:40:5
[INFO] [stdout]    |
[INFO] [stdout] 40 |     pub beam_altitude_angles: [f64; PIXELS_PER_COLUMN],
[INFO] [stdout]    |     ^^^^^^^^^^^^^^^^^^^^^^^^^^^^^^^^^^^^^^^^^^^^^^^^^^
[INFO] [stdout]    |
[INFO] [stdout]    = note: this error originates in a derive macro (in Nightly builds, run with -Z macro-backtrace for more info)
[INFO] [stdout] 
[INFO] [stdout] 
[INFO] [stdout] error[E0369]: binary operation `==` cannot be applied to type `[f64; 64]`
[INFO] [stdout]   --> src/ouster/client.rs:43:5
[INFO] [stdout]    |
[INFO] [stdout] 43 |     pub beam_azimuth_angles: [f64; PIXELS_PER_COLUMN],
[INFO] [stdout]    |     ^^^^^^^^^^^^^^^^^^^^^^^^^^^^^^^^^^^^^^^^^^^^^^^^^
[INFO] [stdout]    |
[INFO] [stdout]    = note: this error originates in a derive macro (in Nightly builds, run with -Z macro-backtrace for more info)
[INFO] [stdout] 
[INFO] [stdout] 
[INFO] [stdout] error[E0369]: binary operation `!=` cannot be applied to type `[f64; 64]`
[INFO] [stdout]   --> src/ouster/client.rs:40:5
[INFO] [stdout]    |
[INFO] [stdout] 40 |     pub beam_altitude_angles: [f64; PIXELS_PER_COLUMN],
[INFO] [stdout]    |     ^^^^^^^^^^^^^^^^^^^^^^^^^^^^^^^^^^^^^^^^^^^^^^^^^^
[INFO] [stdout]    |
[INFO] [stdout]    = note: this error originates in a derive macro (in Nightly builds, run with -Z macro-backtrace for more info)
[INFO] [stdout] 
[INFO] [stdout] 
[INFO] [stdout] error[E0369]: binary operation `!=` cannot be applied to type `[f64; 64]`
[INFO] [stdout]   --> src/ouster/client.rs:43:5
[INFO] [stdout]    |
[INFO] [stdout] 43 |     pub beam_azimuth_angles: [f64; PIXELS_PER_COLUMN],
[INFO] [stdout]    |     ^^^^^^^^^^^^^^^^^^^^^^^^^^^^^^^^^^^^^^^^^^^^^^^^^
[INFO] [stdout]    |
[INFO] [stdout]    = note: this error originates in a derive macro (in Nightly builds, run with -Z macro-backtrace for more info)
[INFO] [stdout] 
[INFO] [stdout] 
[INFO] [stdout] error[E0369]: binary operation `==` cannot be applied to type `[f64; 64]`
[INFO] [stdout]   --> src/ouster/client.rs:40:5
[INFO] [stdout]    |
[INFO] [stdout] 40 |     pub beam_altitude_angles: [f64; PIXELS_PER_COLUMN],
[INFO] [stdout]    |     ^^^^^^^^^^^^^^^^^^^^^^^^^^^^^^^^^^^^^^^^^^^^^^^^^^
[INFO] [stdout]    |
[INFO] [stdout]    = note: this error originates in a derive macro (in Nightly builds, run with -Z macro-backtrace for more info)
[INFO] [stdout] 
[INFO] [stdout] 
[INFO] [stdout] error[E0369]: binary operation `==` cannot be applied to type `[f64; 64]`
[INFO] [stdout]   --> src/ouster/client.rs:43:5
[INFO] [stdout]    |
[INFO] [stdout] 43 |     pub beam_azimuth_angles: [f64; PIXELS_PER_COLUMN],
[INFO] [stdout]    |     ^^^^^^^^^^^^^^^^^^^^^^^^^^^^^^^^^^^^^^^^^^^^^^^^^
[INFO] [stdout]    |
[INFO] [stdout]    = note: this error originates in a derive macro (in Nightly builds, run with -Z macro-backtrace for more info)
[INFO] [stdout] 
[INFO] [stdout] 
[INFO] [stdout] error[E0369]: binary operation `!=` cannot be applied to type `[f64; 64]`
[INFO] [stdout]   --> src/ouster/client.rs:40:5
[INFO] [stdout]    |
[INFO] [stdout] 40 |     pub beam_altitude_angles: [f64; PIXELS_PER_COLUMN],
[INFO] [stdout]    |     ^^^^^^^^^^^^^^^^^^^^^^^^^^^^^^^^^^^^^^^^^^^^^^^^^^
[INFO] [stdout]    |
[INFO] [stdout]    = note: this error originates in a derive macro (in Nightly builds, run with -Z macro-backtrace for more info)
[INFO] [stdout] 
[INFO] [stdout] 
[INFO] [stdout] error[E0369]: binary operation `!=` cannot be applied to type `[f64; 64]`
[INFO] [stdout]   --> src/ouster/client.rs:43:5
[INFO] [stdout]    |
[INFO] [stdout] 43 |     pub beam_azimuth_angles: [f64; PIXELS_PER_COLUMN],
[INFO] [stdout]    |     ^^^^^^^^^^^^^^^^^^^^^^^^^^^^^^^^^^^^^^^^^^^^^^^^^
[INFO] [stdout]    |
[INFO] [stdout]    = note: this error originates in a derive macro (in Nightly builds, run with -Z macro-backtrace for more info)
[INFO] [stdout] 
[INFO] [stdout] 
[INFO] [stdout] error[E0277]: arrays only have std trait implementations for lengths 0..=32
[INFO] [stdout]    --> src/ouster/packet.rs:131:30
[INFO] [stdout]     |
[INFO] [stdout] 131 |             .field("pixels", &pixels)
[INFO] [stdout]     |                              ^^^^^^^ the trait `std::array::LengthAtMost32` is not implemented for `[ouster::packet::Pixel; 64]`
[INFO] [stdout]     |
[INFO] [stdout]     = note: required because of the requirements on the impl of `std::fmt::Debug` for `[ouster::packet::Pixel; 64]`
[INFO] [stdout]     = note: required for the cast to the object type `dyn std::fmt::Debug`
[INFO] [stdout] 
[INFO] [stdout] 
[INFO] [stdout] error[E0277]: arrays only have std trait implementations for lengths 0..=32
[INFO] [stdout]   --> src/ouster/pcd_converter.rs:33:5
[INFO] [stdout]    |
[INFO] [stdout] 33 |     altitude_angles: [Angle; PIXELS_PER_COLUMN],
[INFO] [stdout]    |     ^^^^^^^^^^^^^^^^^^^^^^^^^^^^^^^^^^^^^^^^^^^ the trait `std::array::LengthAtMost32` is not implemented for `[uom::si::Quantity<(dyn uom::si::Dimension<Kind = (dyn uom::si::marker::AngleKind + 'static), L = uom::typenum::Z0, Th = uom::typenum::Z0, N = uom::typenum::Z0, T = uom::typenum::Z0, I = uom::typenum::Z0, M = uom::typenum::Z0, J = uom::typenum::Z0> + 'static), (dyn uom::si::Units<f64, thermodynamic_temperature = uom::si::thermodynamic_temperature::kelvin, electric_current = uom::si::electric_current::ampere, amount_of_substance = uom::si::amount_of_substance::mole, length = uom::si::length::meter, mass = uom::si::mass::kilogram, time = uom::si::time::second, luminous_intensity = uom::si::luminous_intensity::candela> + 'static), f64>; 64]`
[INFO] [stdout]    |
[INFO] [stdout]    = note: required because of the requirements on the impl of `std::fmt::Debug` for `[uom::si::Quantity<(dyn uom::si::Dimension<Kind = (dyn uom::si::marker::AngleKind + 'static), L = uom::typenum::Z0, Th = uom::typenum::Z0, N = uom::typenum::Z0, T = uom::typenum::Z0, I = uom::typenum::Z0, M = uom::typenum::Z0, J = uom::typenum::Z0> + 'static), (dyn uom::si::Units<f64, thermodynamic_temperature = uom::si::thermodynamic_temperature::kelvin, electric_current = uom::si::electric_current::ampere, amount_of_substance = uom::si::amount_of_substance::mole, length = uom::si::length::meter, mass = uom::si::mass::kilogram, time = uom::si::time::second, luminous_intensity = uom::si::luminous_intensity::candela> + 'static), f64>; 64]`
[INFO] [stdout]    = note: required because of the requirements on the impl of `std::fmt::Debug` for `&[uom::si::Quantity<(dyn uom::si::Dimension<Kind = (dyn uom::si::marker::AngleKind + 'static), L = uom::typenum::Z0, Th = uom::typenum::Z0, N = uom::typenum::Z0, T = uom::typenum::Z0, I = uom::typenum::Z0, M = uom::typenum::Z0, J = uom::typenum::Z0> + 'static), (dyn uom::si::Units<f64, thermodynamic_temperature = uom::si::thermodynamic_temperature::kelvin, electric_current = uom::si::electric_current::ampere, amount_of_substance = uom::si::amount_of_substance::mole, length = uom::si::length::meter, mass = uom::si::mass::kilogram, time = uom::si::time::second, luminous_intensity = uom::si::luminous_intensity::candela> + 'static), f64>; 64]`
[INFO] [stdout]    = note: required for the cast to the object type `dyn std::fmt::Debug`
[INFO] [stdout]    = note: this error originates in a derive macro (in Nightly builds, run with -Z macro-backtrace for more info)
[INFO] [stdout] 
[INFO] [stdout] 
[INFO] [stdout] error[E0277]: arrays only have std trait implementations for lengths 0..=32
[INFO] [stdout]   --> src/ouster/pcd_converter.rs:34:5
[INFO] [stdout]    |
[INFO] [stdout] 34 |     azimuth_angle_corrections: [Angle; PIXELS_PER_COLUMN],
[INFO] [stdout]    |     ^^^^^^^^^^^^^^^^^^^^^^^^^^^^^^^^^^^^^^^^^^^^^^^^^^^^^ the trait `std::array::LengthAtMost32` is not implemented for `[uom::si::Quantity<(dyn uom::si::Dimension<Kind = (dyn uom::si::marker::AngleKind + 'static), L = uom::typenum::Z0, Th = uom::typenum::Z0, N = uom::typenum::Z0, T = uom::typenum::Z0, I = uom::typenum::Z0, M = uom::typenum::Z0, J = uom::typenum::Z0> + 'static), (dyn uom::si::Units<f64, thermodynamic_temperature = uom::si::thermodynamic_temperature::kelvin, electric_current = uom::si::electric_current::ampere, amount_of_substance = uom::si::amount_of_substance::mole, length = uom::si::length::meter, mass = uom::si::mass::kilogram, time = uom::si::time::second, luminous_intensity = uom::si::luminous_intensity::candela> + 'static), f64>; 64]`
[INFO] [stdout]    |
[INFO] [stdout]    = note: required because of the requirements on the impl of `std::fmt::Debug` for `[uom::si::Quantity<(dyn uom::si::Dimension<Kind = (dyn uom::si::marker::AngleKind + 'static), L = uom::typenum::Z0, Th = uom::typenum::Z0, N = uom::typenum::Z0, T = uom::typenum::Z0, I = uom::typenum::Z0, M = uom::typenum::Z0, J = uom::typenum::Z0> + 'static), (dyn uom::si::Units<f64, thermodynamic_temperature = uom::si::thermodynamic_temperature::kelvin, electric_current = uom::si::electric_current::ampere, amount_of_substance = uom::si::amount_of_substance::mole, length = uom::si::length::meter, mass = uom::si::mass::kilogram, time = uom::si::time::second, luminous_intensity = uom::si::luminous_intensity::candela> + 'static), f64>; 64]`
[INFO] [stdout]    = note: required because of the requirements on the impl of `std::fmt::Debug` for `&[uom::si::Quantity<(dyn uom::si::Dimension<Kind = (dyn uom::si::marker::AngleKind + 'static), L = uom::typenum::Z0, Th = uom::typenum::Z0, N = uom::typenum::Z0, T = uom::typenum::Z0, I = uom::typenum::Z0, M = uom::typenum::Z0, J = uom::typenum::Z0> + 'static), (dyn uom::si::Units<f64, thermodynamic_temperature = uom::si::thermodynamic_temperature::kelvin, electric_current = uom::si::electric_current::ampere, amount_of_substance = uom::si::amount_of_substance::mole, length = uom::si::length::meter, mass = uom::si::mass::kilogram, time = uom::si::time::second, luminous_intensity = uom::si::luminous_intensity::candela> + 'static), f64>; 64]`
[INFO] [stdout]    = note: required for the cast to the object type `dyn std::fmt::Debug`
[INFO] [stdout]    = note: this error originates in a derive macro (in Nightly builds, run with -Z macro-backtrace for more info)
[INFO] [stdout] 
[INFO] [stdout] 
[INFO] [stdout] error[E0277]: arrays only have std trait implementations for lengths 0..=32
[INFO] [stdout]    --> src/ouster/packet.rs:131:30
[INFO] [stdout]     |
[INFO] [stdout] 131 |             .field("pixels", &pixels)
[INFO] [stdout]     |                              ^^^^^^^ the trait `std::array::LengthAtMost32` is not implemented for `[ouster::packet::Pixel; 64]`
[INFO] [stdout]     |
[INFO] [stdout]     = note: required because of the requirements on the impl of `std::fmt::Debug` for `[ouster::packet::Pixel; 64]`
[INFO] [stdout]     = note: required for the cast to the object type `dyn std::fmt::Debug`
[INFO] [stdout] 
[INFO] [stdout] 
[INFO] [stdout] error[E0277]: arrays only have std trait implementations for lengths 0..=32
[INFO] [stdout]   --> src/ouster/pcd_converter.rs:33:5
[INFO] [stdout]    |
[INFO] [stdout] 33 |     altitude_angles: [Angle; PIXELS_PER_COLUMN],
[INFO] [stdout]    |     ^^^^^^^^^^^^^^^^^^^^^^^^^^^^^^^^^^^^^^^^^^^ the trait `std::array::LengthAtMost32` is not implemented for `[uom::si::Quantity<(dyn uom::si::Dimension<Kind = (dyn uom::si::marker::AngleKind + 'static), L = uom::typenum::Z0, Th = uom::typenum::Z0, N = uom::typenum::Z0, T = uom::typenum::Z0, I = uom::typenum::Z0, M = uom::typenum::Z0, J = uom::typenum::Z0> + 'static), (dyn uom::si::Units<f64, thermodynamic_temperature = uom::si::thermodynamic_temperature::kelvin, electric_current = uom::si::electric_current::ampere, amount_of_substance = uom::si::amount_of_substance::mole, length = uom::si::length::meter, mass = uom::si::mass::kilogram, time = uom::si::time::second, luminous_intensity = uom::si::luminous_intensity::candela> + 'static), f64>; 64]`
[INFO] [stdout]    |
[INFO] [stdout]    = note: required because of the requirements on the impl of `std::fmt::Debug` for `[uom::si::Quantity<(dyn uom::si::Dimension<Kind = (dyn uom::si::marker::AngleKind + 'static), L = uom::typenum::Z0, Th = uom::typenum::Z0, N = uom::typenum::Z0, T = uom::typenum::Z0, I = uom::typenum::Z0, M = uom::typenum::Z0, J = uom::typenum::Z0> + 'static), (dyn uom::si::Units<f64, thermodynamic_temperature = uom::si::thermodynamic_temperature::kelvin, electric_current = uom::si::electric_current::ampere, amount_of_substance = uom::si::amount_of_substance::mole, length = uom::si::length::meter, mass = uom::si::mass::kilogram, time = uom::si::time::second, luminous_intensity = uom::si::luminous_intensity::candela> + 'static), f64>; 64]`
[INFO] [stdout]    = note: required because of the requirements on the impl of `std::fmt::Debug` for `&[uom::si::Quantity<(dyn uom::si::Dimension<Kind = (dyn uom::si::marker::AngleKind + 'static), L = uom::typenum::Z0, Th = uom::typenum::Z0, N = uom::typenum::Z0, T = uom::typenum::Z0, I = uom::typenum::Z0, M = uom::typenum::Z0, J = uom::typenum::Z0> + 'static), (dyn uom::si::Units<f64, thermodynamic_temperature = uom::si::thermodynamic_temperature::kelvin, electric_current = uom::si::electric_current::ampere, amount_of_substance = uom::si::amount_of_substance::mole, length = uom::si::length::meter, mass = uom::si::mass::kilogram, time = uom::si::time::second, luminous_intensity = uom::si::luminous_intensity::candela> + 'static), f64>; 64]`
[INFO] [stdout]    = note: required for the cast to the object type `dyn std::fmt::Debug`
[INFO] [stdout]    = note: this error originates in a derive macro (in Nightly builds, run with -Z macro-backtrace for more info)
[INFO] [stdout] 
[INFO] [stdout] 
[INFO] [stdout] error[E0277]: arrays only have std trait implementations for lengths 0..=32
[INFO] [stdout]   --> src/ouster/pcd_converter.rs:34:5
[INFO] [stdout]    |
[INFO] [stdout] 34 |     azimuth_angle_corrections: [Angle; PIXELS_PER_COLUMN],
[INFO] [stdout]    |     ^^^^^^^^^^^^^^^^^^^^^^^^^^^^^^^^^^^^^^^^^^^^^^^^^^^^^ the trait `std::array::LengthAtMost32` is not implemented for `[uom::si::Quantity<(dyn uom::si::Dimension<Kind = (dyn uom::si::marker::AngleKind + 'static), L = uom::typenum::Z0, Th = uom::typenum::Z0, N = uom::typenum::Z0, T = uom::typenum::Z0, I = uom::typenum::Z0, M = uom::typenum::Z0, J = uom::typenum::Z0> + 'static), (dyn uom::si::Units<f64, thermodynamic_temperature = uom::si::thermodynamic_temperature::kelvin, electric_current = uom::si::electric_current::ampere, amount_of_substance = uom::si::amount_of_substance::mole, length = uom::si::length::meter, mass = uom::si::mass::kilogram, time = uom::si::time::second, luminous_intensity = uom::si::luminous_intensity::candela> + 'static), f64>; 64]`
[INFO] [stdout]    |
[INFO] [stdout]    = note: required because of the requirements on the impl of `std::fmt::Debug` for `[uom::si::Quantity<(dyn uom::si::Dimension<Kind = (dyn uom::si::marker::AngleKind + 'static), L = uom::typenum::Z0, Th = uom::typenum::Z0, N = uom::typenum::Z0, T = uom::typenum::Z0, I = uom::typenum::Z0, M = uom::typenum::Z0, J = uom::typenum::Z0> + 'static), (dyn uom::si::Units<f64, thermodynamic_temperature = uom::si::thermodynamic_temperature::kelvin, electric_current = uom::si::electric_current::ampere, amount_of_substance = uom::si::amount_of_substance::mole, length = uom::si::length::meter, mass = uom::si::mass::kilogram, time = uom::si::time::second, luminous_intensity = uom::si::luminous_intensity::candela> + 'static), f64>; 64]`
[INFO] [stdout]    = note: required because of the requirements on the impl of `std::fmt::Debug` for `&[uom::si::Quantity<(dyn uom::si::Dimension<Kind = (dyn uom::si::marker::AngleKind + 'static), L = uom::typenum::Z0, Th = uom::typenum::Z0, N = uom::typenum::Z0, T = uom::typenum::Z0, I = uom::typenum::Z0, M = uom::typenum::Z0, J = uom::typenum::Z0> + 'static), (dyn uom::si::Units<f64, thermodynamic_temperature = uom::si::thermodynamic_temperature::kelvin, electric_current = uom::si::electric_current::ampere, amount_of_substance = uom::si::amount_of_substance::mole, length = uom::si::length::meter, mass = uom::si::mass::kilogram, time = uom::si::time::second, luminous_intensity = uom::si::luminous_intensity::candela> + 'static), f64>; 64]`
[INFO] [stdout]    = note: required for the cast to the object type `dyn std::fmt::Debug`
[INFO] [stdout]    = note: this error originates in a derive macro (in Nightly builds, run with -Z macro-backtrace for more info)
[INFO] [stdout] 
[INFO] [stdout] 
[INFO] [stdout] error: aborting due to 7 previous errors
[INFO] [stdout] 
[INFO] [stdout] 
[INFO] [stdout] Some errors have detailed explanations: E0277, E0369.
[INFO] [stdout] 
[INFO] [stdout] For more information about an error, try `rustc --explain E0277`.
[INFO] [stdout] 
[INFO] [stderr] error: could not compile `lidar-utils`.
[INFO] [stderr] 
[INFO] [stderr] To learn more, run the command again with --verbose.
[INFO] [stderr] warning: build failed, waiting for other jobs to finish...
[INFO] [stdout] error: aborting due to 7 previous errors
[INFO] [stdout] 
[INFO] [stdout] 
[INFO] [stdout] Some errors have detailed explanations: E0277, E0369.
[INFO] [stdout] 
[INFO] [stdout] For more information about an error, try `rustc --explain E0277`.
[INFO] [stdout] 
[INFO] [stderr] error: build failed
[INFO] running `Command { std: "docker" "inspect" "f536d48e3e8b24aebdc4cacddedd0b0653f5213fefb5c0f6bc3f21b9e224d885", kill_on_drop: false }`
[INFO] running `Command { std: "docker" "rm" "-f" "f536d48e3e8b24aebdc4cacddedd0b0653f5213fefb5c0f6bc3f21b9e224d885", kill_on_drop: false }`
[INFO] [stdout] f536d48e3e8b24aebdc4cacddedd0b0653f5213fefb5c0f6bc3f21b9e224d885
